2
Let h(v) be the second derivative of -v**3/6 + 5*v**2/2 - 2*v. Let u be h(4). Calculate the greatest common divisor of u and 1.
1
Let c(q) be the first derivative of -3*q**2/2 - 12*q - 3. Let o be c(-9). What is the highest common divisor of o and 5?
5
Let a = 0 - -3. Suppose -2*v - 135 = -7*v. Let w be v/(-3)*(-7)/3. Calculate the greatest common factor of a and w.
3
Suppose 4*f + 29 - 101 = 0. Suppose 3*s - 4*l = 44, -s - 4*l + 16 = s. What is the greatest common factor of f and s?
6
Let k(p) = -31*p + 2. Let i be k(-2). Suppose -3*f + j = -2*j - 21, -2*f + 13 = -3*j. Calculate the highest common divisor of i and f.
8
Suppose -3*o - 255 = -5*z + 2*o, 2*o = -3*z + 173. What is the highest common divisor of z and 11?
11
Let w be (3 + (-75)/35)/((-2)/(-84)). Calculate the highest common factor of 24 and w.
12
Suppose -2*h + 0*r + 29 = r, 3*h - 26 = 2*r. What is the greatest common factor of 3 and h?
3
Suppose -2 = -c + 10. What is the greatest common factor of c and 132?
12
Suppose -4*i - 46 = -10. Let k = i - -15. Calculate the highest common divisor of k and 30.
6
Let x = -7 + 9. Suppose x*l + 315 = 5*l. Let r be 2*(-1 + (-23)/(-2)). What is the greatest common factor of r and l?
21
Let x be (-6)/4 - 14/(-4). Suppose 6*d - 36 = x*d. Let s = -101 - -164. What is the greatest common divisor of s and d?
9
Let i = 124 + -89. Let o be -3*1 + 1 - -20. Let u = i - o. Calculate the greatest common divisor of u and 51.
17
Suppose -4 = -4*y + 2*y. Calculate the greatest common factor of 10 and y.
2
Let t(d) = d**3 + 11*d**2 + 21. Let y be t(-11). What is the highest common factor of y and 7?
7
Suppose 2*d + 28 = -0*d. Let x be (-2)/(-4) + (-413)/d. Suppose 4*o - x = l, -27 = -5*o - l - 3*l. Calculate the highest common divisor of 77 and o.
7
Let z be (-3)/5*(-20)/2. Let r = z + -4. Let w = -3 + 5. Calculate the highest common divisor of r and w.
2
Suppose 2*c + 3*b - 237 = 0, -b = -c + 81 + 40. Calculate the highest common factor of 15 and c.
15
Suppose -4*f + 2*q = -336, -4*f - 5*q = -163 - 201. What is the greatest common factor of 43 and f?
43
Suppose -d = -4*n + 8, -19 = -n - 2*d - 8. Calculate the highest common divisor of n and 1.
1
Let t = -55 - -79. What is the greatest common divisor of t and 6?
6
Suppose -23 = -5*a + 2*f, -f + 1 + 0 = 0. Suppose -9 = -v + 6. What is the greatest common factor of a and v?
5
Suppose -2*u - u = -123. Suppose 5*b - 19 = u. Suppose -5*n + 17 = -13. What is the greatest common factor of n and b?
6
Suppose 0 = 5*t - 5*o - 5, -17 = -4*t - 3*o - 6. What is the greatest common divisor of 2 and t?
2
Let d be 1/(-4) + 162/8. Let s be (-2)/3 - 5/15. Let r = s - -9. Calculate the highest common factor of d and r.
4
Let z(m) be the first derivative of 3*m**2 - 5*m - 1. Let b be ((-2)/(-4))/((-2)/(-40)). Let h be z(b). What is the greatest common divisor of 22 and h?
11
Suppose 4*g = 11 + 1. Suppose 0 = 3*j + 31 + 29. Let c be (j*g/(-6))/2. What is the highest common factor of 10 and c?
5
Suppose 5*h - 250 = 135. What is the greatest common factor of h and 11?
11
Let p be (-10)/((-4)/(-16)*-2). Suppose -88 = -y + 4*l, -4*l = 3*y - 220 - 12. What is the greatest common factor of y and p?
20
Let v = 48 + -32. Calculate the highest common divisor of v and 48.
16
Let o be -1*(-8 + -1)*1. What is the highest common factor of o and 3?
3
Let o be ((-3)/2)/((-3)/4). Suppose 2*m - 3*s = 3*m + 8, -s - 4 = 0. Suppose i = -i - o, 26 = m*k - 2*i. Calculate the highest common factor of k and 3.
3
Suppose 0 = -5*j - 6 + 21. Suppose -2*p + j*t + 16 = 0, 2*p - 3*p - 5*t = 18. Let i be p + 6*3/3. What is the greatest common factor of 12 and i?
4
Let m = 5 + 2. Suppose -2*a + 252 = 2*a. What is the highest common divisor of m and a?
7
Suppose -5*y + 18 = -7. Let w(l) = l**2 + l + 2. Let k be w(0). Calculate the greatest common factor of k and y.
1
Let l = -4 + 10. Let r(p) be the second derivative of -p**5/20 + 3*p**4/4 - p**3/6 + 3*p**2 - p. Let t be r(l). What is the greatest common divisor of 12 and t?
12
Suppose 0 = 4*f - 82 - 218. What is the greatest common divisor of f and 5?
5
Suppose 3*j + w - 4 = -4*w, 8 = 2*j - 2*w. Suppose 10*x = x. Suppose x = -j*f - 15, -5*n - f = -10*n + 145. Calculate the greatest common factor of n and 4.
4
Let i = -1 - -1. Suppose 4*n = -5*z - 2, -n - z - 4*z - 8 = i. What is the highest common divisor of 16 and n?
2
Let m(d) be the third derivative of 7*d**4/6 - 2*d**2. Let v be m(1). What is the greatest common divisor of v and 4?
4
Let i(y) = -5*y - 14. Let d be i(-6). Suppose -2*z + 34 = 2. What is the greatest common factor of d and z?
16
Let g(a) = -a**2 - 4*a. Let n be g(-4). Suppose 2*w + z - 474 = -2*z, -z + 4 = n. What is the greatest common factor of w and 21?
21
Let i(d) = d**3 - 2*d**2 + 2*d - 1. Let u be i(1). Suppose x + 2*t = 2*x - 15, u = -5*x + 4*t + 93. Calculate the highest common factor of x and 7.
7
Suppose 2*z + 25 - 115 = 0. Let i = 90 - z. What is the highest common divisor of i and 18?
9
Suppose 5*d - 121 = 9. What is the greatest common factor of d and 13?
13
Suppose 0 = -2*g - 8, 5*u + 2*g - 298 = -56. What is the highest common divisor of 10 and u?
10
Suppose v = -3*p + 201, 192 = 4*p - v - 83. Calculate the greatest common factor of 17 and p.
17
Let l = 5 + -6. Let f be -7*(-1 - -2)*l. Let u = -5 + f. Calculate the highest common divisor of 8 and u.
2
Let s(d) = -85*d**3 - 2*d**2 - 3*d - 2. Let a be s(-1). Calculate the highest common factor of 21 and a.
21
Let v = 1269 + -719. Suppose -15*j - v = -20*j. What is the highest common divisor of 10 and j?
10
Suppose 36 = 3*d + 12. Let y(z) = -z**2 + 12*z - 7. Let x be y(d). What is the greatest common divisor of 10 and x?
5
Suppose 14 = -4*s + 50. What is the greatest common divisor of 81 and s?
9
Suppose 2*i = 0, -4*q = -4*i - 115 - 21. Let n be 9/(-9) - 172/(-2). What is the greatest common divisor of n and q?
17
Suppose 0*v + v - 30 = 0. What is the highest common factor of 15 and v?
15
Let f = -57 + 101. What is the greatest common factor of 11 and f?
11
Let s be 3 + 12 - (-9)/3. Suppose z - 2 = -z, p - z = 1. Suppose 0 = -x + 5 - p. Calculate the greatest common factor of x and s.
3
Let q = -29 - -176. Calculate the greatest common factor of q and 21.
21
Suppose -2*r + 4*r - 18 = 0. Let o be 70/r + (-4)/(-18). Calculate the greatest common divisor of 20 and o.
4
Let d be 4/(-10) + (-854)/(-10). Calculate the greatest common factor of d and 34.
17
Suppose -12*x = -10*x - 10. Suppose 0*k = k - 25. What is the highest common divisor of k and x?
5
Let w = 9 - 8. Suppose -o + 3*o = 4*i - 34, 4*o = 4. Calculate the greatest common factor of i and w.
1
Suppose -g + 4*n + 206 = -0*g, -2*g = 5*n - 386. Suppose -4*d - 4 = -76. What is the highest common factor of g and d?
18
Suppose 2*s - 92 = -2*x, 4*s + 24 = 2*x - 92. Let c(d) = -3*d + 2. Let y be c(-6). Calculate the greatest common factor of y and x.
10
Let k = -5 - -17. Calculate the greatest common divisor of k and 3.
3
Suppose -5*k + 5 = 2*w, 7 = w + 2. Let q = k + 28. Calculate the highest common factor of 18 and q.
9
Suppose 42 = -16*x + 346. What is the greatest common divisor of 57 and x?
19
Let h be (2 + 17)*(-1 - -2). Suppose 2*j - 3*q = 3*j - 171, 0 = -2*j + 5*q + 342. What is the greatest common factor of j and h?
19
Suppose 3*s - 3*x = x + 1743, 2*s - 1182 = -4*x. Suppose n - 6*n = -s. What is the greatest common factor of n and 13?
13
Suppose -5*c + 5*w = 22 - 7, 18 = 2*c + 4*w. Calculate the greatest common divisor of 5 and c.
1
Let i(g) = -g**3 - 4*g**2 - 7*g - 7. Let l be i(-4). Let j = -9 - -16. Calculate the highest common divisor of j and l.
7
Let k = 26 - 24. What is the greatest common factor of k and 3?
1
Let x be (-11)/(-2) - 1/2. Suppose -3*f = x*d - 66, f = 5*d - 67 - 11. Suppose -4*n + 13 = -7. Calculate the greatest common factor of d and n.
5
Let d be ((-2)/3)/((-30)/(-45)). Let y(f) = 23*f - 19*f - 84*f. Let x be y(d). Calculate the greatest common factor of x and 10.
10
Let s(f) = -f**2 - 3*f. Let y be s(-5). Let u be 2/y - (-64)/20. Suppose -6*g + g + 5 = a, 53 = u*a - 4*g. What is the greatest common divisor of a and 135?
15
Let s be 3 - (0 + 2 - -71). Let o = s + 206. Calculate the greatest common factor of 17 and o.
17
Suppose 178 - 55 = 3*s. L